n. Calculate the highest common factor of c and m.
14
Suppose k = 2*i + 72, -9*k - 126 = -11*k - 2*i. Calculate the highest common divisor of k and 231.
33
Let m = 645 + -521. Calculate the greatest common divisor of 186 and m.
62
Let q be 87 + 2/(-3)*99/22. Calculate the highest common factor of 112 and q.
28
Let l(b) = b**3 - 3*b**2 - 3*b + 2. Let u be l(4). Calculate the highest common divisor of u and 192.
6
Let g(b) = b**2 + 19*b - 272. Let q be g(-29). Suppose -3*f + 5*o + 263 = f, 0 = -5*f - 5*o + 385. Calculate the highest common divisor of q and f.
18
Suppose -a + 80 = a. Suppose 12 = 2*i - 4. What is the greatest common factor of a and i?
8
Let i be (-20 - -2)*2/(-4). What is the highest common factor of 153 and i?
9
Suppose 2*g - 6*g + 56 = 0. Suppose 8*x - g*x + 30 = 0. Calculate the highest common divisor of 20 and x.
5
Let s be 275/95 + -3 - 2628/(-57). What is the highest common factor of 69 and s?
23
Suppose -4*l + 3*b = -0*l + 12, b - 4 = -l. Suppose l = -5*w + 3*w + 68. Suppose -7*c + 255 = -2*c. Calculate the greatest common divisor of w and c.
17
Suppose -798 = -38*h + 1026. Calculate the greatest common divisor of h and 300.
12
Let h(i) = -i**2 + 14*i + 15. Let b be h(-6). Let z be b/(-6) + 4/(-8) - -1. What is the greatest common divisor of 2 and z?
2
Suppose -3*x = 3*x - 144. Let u be (-3)/(-2) - (-6)/4. Suppose u*n - 288 = -n. Calculate the highest common divisor of x and n.
24
Suppose 0 = -0*k + 4*k + 8, -3*k + 3 = p. What is the highest common factor of 216 and p?
9
Let q = 2378 + -2263. Calculate the highest common factor of q and 10.
5
Let n be 2 - (3 - -1 - 2). Suppose 515 = 5*k - 2*f, -5*k - 2*f + n*f = -535. Calculate the highest common factor of 42 and k.
21
Let y(w) = 15*w + 7. Suppose -n + 49 = 2*t, -t - n - 1 = -28. Let u = t + -19. Let i be y(u). What is the highest common divisor of 26 and i?
26
Let n(t) = 5*t**2 - 15*t - 2. Let v be n(7). Let q = -90 + v. Calculate the highest common divisor of q and 16.
16
Let r(x) = 6*x**2 + 9*x + 255. Let k be r(0). Calculate the greatest common factor of 51 and k.
51
Suppose -3*q = 6, 2*y - 3*q = -q + 60. Let g = -70 - -112. Calculate the greatest common factor of g and y.
14
Let h(b) = 4*b**2 - 20*b + 136. Let o be h(8). What is the highest common divisor of o and 24?
8
Suppose 0 = -25*u + 28*u - 1248. Calculate the highest common divisor of 52 and u.
52
Suppose -6*y = -2*y + 4*g + 20, -10 = 4*y + 2*g. Suppose 4*w + 4*j - j - 46 = y, -3*w = 3*j - 33. What is the greatest common factor of w and 143?
13
Let v(z) = 7*z + 4. Let k be v(5). Suppose 3*c = -m + 42, -3*c + 25 + 20 = 2*m. What is the highest common divisor of c and k?
13
Suppose 96 = 4*l - 0*l. Suppose -4*p + 610 = p + 5*h, -3*h = -6. Calculate the greatest common factor of l and p.
24
Suppose 5*f = 5*l + 15, 0 = 5*l + 4*f + 2 + 4. Let t be -8*(3/l + 0). What is the greatest common divisor of t and 18?
6
Let h(y) = y**2 + 17*y - 126. Let u be h(-23). Calculate the greatest common divisor of 42 and u.
6
Suppose -5*s + 3*s + 8 = 0. Let n = -265 + 275. What is the greatest common factor of s and n?
2
Let o be ((-1)/2)/(1/(-12)). Suppose -u - o + 10 = 0. Let v(c) = 13*c - 10. Let j be v(u). What is the highest common divisor of j and 105?
21
Suppose 26*d - 29*d = -156. Calculate the highest common divisor of 130 and d.
26
Let h be (-32)/(-10)*20/6*3. Let i(v) = -v**3 + 8*v**2 - 4*v - 7. Let a = 8 - 3. Let n be i(a). What is the highest common factor of h and n?
16
Let d(n) = n + 11. Suppose -r - m + 6 = -5*m, -3*r + 5*m + 18 = 0. Let g be d(r). What is the greatest common factor of g and 17?
17
Let s(l) = -l - 12. Let u be s(-15). Suppose 3*k - 240 = -u*m, -6*m - 3 = -3*m. What is the greatest common divisor of 27 and k?
27
Let x be 1/(16/28 - (-783)/(-1407)). Calculate the highest common factor of 268 and x.
67
Suppose -842 = -4*o + z - 37, 2405 = 12*o - z. Calculate the highest common factor of 50 and o.
50
Let h = 277 - 133. Suppose -4*y + 12 = 0, 0*r = -3*r + 2*y + 42. What is the highest common divisor of h and r?
16
Let v(r) = -r**2 - 10*r + 12. Let d be v(-6). Let t(j) = -j**2 - 10*j - 2. Let q be t(-9). Suppose q = 3*k - 5. Calculate the highest common factor of d and k.
4
Let p be -2 + (-5)/((-15)/42). Let w = p + -9. Suppose w*j = -5*l + 3, 4*j = -4*l + 7*l + 33. Calculate the greatest common factor of j and 48.
6
Let g(a) = a**2 - 8*a - 6. Let x be g(9). Suppose 12 = -j + x*j. Let q be 1/6 - (-419)/j. What is the greatest common factor of q and 14?
14
Let f be 18/2 + -18*5/(-30). What is the greatest common factor of 5 and f?
1
Let l = -91 - -168. What is the greatest common divisor of 7 and l?
7
Let z(u) = -u**3 + 6*u**2 + 9*u + 3. Let j be z(7). Let a be (-3 - -4)*(0 - -3). Suppose a*b - 170 = b. Calculate the highest common divisor of j and b.
17
Let u be (-2)/(-14)*7 - 63*-1. What is the highest common divisor of 96 and u?
32
Suppose 2*p + 4 = -6. Let z(d) = 2*d + 6. Let y be z(p). Let v be y/12*(0 + -9). What is the highest common factor of 1 and v?
1
Let v(x) = -x**3 - 30*x**2 - 39*x + 4. Let n be v(-29). Calculate the greatest common divisor of n and 63.
21
Let w be (1*-2)/((-4)/90). Suppose 39*z - 72 = 11*z + 180. What is the highest common factor of w and z?
9
Let x be ((-10)/(-2))/(20/220). Calculate the greatest common divisor of 22 and x.
11
Suppose 2*t + 6 = 0, 9*p - 11*p - 4*t + 28 = 0. Suppose 5*h - 481 = -4*z - 171, -4*h - 88 = -z. What is the greatest common factor of p and z?
20
Suppose -2*b + d - 2*d = -97, b + d = 49. What is the highest common divisor of b and 32?
16
Let n be (189/35)/((-9)/(-30)). Let m = 22 - n. Calculate the greatest common divisor of m and 2.
2
Suppose 3*x + 33 - 188 = 4*b, 0 = 4*x - 2*b - 210. What is the greatest common factor of x and 1007?
53
Suppose -2*o = 3*l - 776, o - 4*l - 397 = -l. What is the greatest common factor of o and 23?
23
Suppose v - 180 = -v. Calculate the greatest common divisor of v and 6.
6
Suppose 5*h - 71*q = -68*q - 7, 2*h + 6 = 2*q. Let c(i) = i + 1. Let p be c(-5). Let n be (-5)/(-7) + p/(-14). What is the greatest common divisor of h and n?
1
Let h = -32 + 35. Calculate the greatest common divisor of h and 24.
3
Let s = -57 + 97. Let n = s - 24. Suppose 528 = 3*w + a, -2*w - 2*a + 352 = -0*w. What is the highest common factor of n and w?
16
Suppose 5*i - 310 = -0*i. Suppose o - 492 = -2*x, 162*x = 3*o + 164*x - 1484. What is the greatest common factor of o and i?
62
Let x be 128/2 - 0/10. Calculate the highest common factor of x and 448.
64
Let o(l) = 2*l**3 - 36*l**2 + 77*l - 40. Let s be o(16). Calculate the greatest common factor of 312 and s.
24
Let k be (-1 + (-6)/(-15))*-5. Let x(h) = -1 - h**3 + 0 - 5*h**2 - 6*h - k. Let t be x(-4). What is the greatest common factor of t and 4?
4
Let a(l) be the second derivative of -l**3/6 + 7*l**2/2 - 9*l. Let s be a(0). Calculate the greatest common factor of s and 1.
1
Suppose -4*f + 2*d = -f - 469, -f = 3*d - 149. What is the greatest common factor of 62 and f?
31
Suppose 2*l + 320 = 5*h, -l - 30 = 5*l. Calculate the greatest common divisor of 1426 and h.
62
Let h(n) = -n**3 + 5*n**2 + 5*n - 4. Let y be h(4). Let j = 58 + -54. Suppose j*k + 2*f - 4*f = 16, 5*f = 0. What is the greatest common factor of k and y?
4
Suppose i + 230 = 3*u - i, -4 = -2*i. Suppose z - l + 37 = -70, 325 = -3*z + 5*l. Let d be 19/(-76) + z/(-4). Calculate the highest common factor of d and u.
26
Let g(j) = -21*j**2 + 2*j + 3. Let m be g(-2). Let i be 15/(2 - m/(-50)). Calculate the highest common factor of 20 and i.
10
Let s be (-5)/(10/(-162)) - 1. Suppose -92 + s = -2*h. What is the greatest common factor of h and 8?
2
Let d be (-1)/(-5) + 3420/150. What is the greatest common divisor of d and 529?
23
Let f(v) = v**3 - 2*v**2 - 5. Let l be f(4). Suppose -4*s = 0, 4*s = j - 0*s - 8. Suppose 0 = 7*t - j*t + 27. What is the greatest common factor of t and l?
27
Let m be 45/(21/9 + -2). Suppose -4*x = 4, 0 = -2*q - 4*x + 113 + m. Suppose -2*o - q = -5*o. What is the highest common divisor of 21 and o?
21
Let y = 484 - 389. Calculate the greatest common divisor of 10 and y.
5
Let m be (4 + 24)*(9 + -8). Suppose 2*x + x = -9. Let c = 4 - x. What is the highest common factor of m and c?
7
Let q(l) = -4*l + 40. 